nder when i(16) is divided by 11.
8
Suppose 11 - 7 = -2*o, 146 = 2*m + 2*o. What is the remainder when 366 is divided by m?
66
Suppose 2*x = 2*x + x. Suppose -2*u + 26 = -x. What is the remainder when 51 is divided by u?
12
Let p(q) = -q**2 + 12*q + 18. Let t = 28 - 15. What is the remainder when (-92)/(-10) - (-1)/(-5) is divided by p(t)?
4
Let h = 429 + -380. Calculate the remainder when 151 is divided by h.
4
Let x = -12 - -40. Let m = 6651 + -6547. Calculate the remainder when m is divided by x.
20
Let y(m) = -m**2 + 8*m - 7. Calculate the remainder when 6/((-6)/(-37)) - (-6)/(-1) is divided by y(5).
7
What is the remainder when 37 is divided by 18 - (80/(-8) - -14)?
9
Let n = -1 - -6. Suppose 23 = -4*v - n*t + 152, 0 = v + t - 32. Calculate the remainder when 121 is divided by v.
28
Suppose 13*i - 5*i + 8*i = 0. Let g(v) = -26. Let r(a) = -a + 53. Let t(f) = -7*g(f) - 3*r(f). Calculate the remainder when t(i) is divided by 8.
7
Suppose 0*l - l + 14 = 0. Calculate the remainder when 2/(9 + (-2007)/225) is divided by l.
11
Calculate the remainder when (-290)/(-87)*(-531)/(-5) is divided by 17.
14
Let k(q) = 162*q**2 - 2*q - 7. Calculate the remainder when k(-5) is divided by 8.
5
Let r(i) = 2*i**3 - 9*i**2 + 10*i - 14. Suppose -155 = -4*h - n, -2*h - n = n - 76. What is the remainder when r(6) is divided by h?
37
Let q = -27 + 27. Suppose q = 2*v + 1 - 5. What is the remainder when 4 is divided by v?
0
Let y(o) = -3*o**2 - 79*o + 46. Calculate the remainder when 202 is divided by y(-26).
58
Suppose -5*f + 223 = -g + 2*g, -2*f + 5*g = -100. Let x = -42 - -65. Calculate the remainder when f is divided by x.
22
Let s = -27 - -13. Let x = s + 14. Suppose -2*o + x*a + 21 = -5*a, -2*o = 2*a - 56. Calculate the remainder when o is divided by 8.
7
What is the remainder when 6/(-40)*-5*-4 - -72 is divided by 38?
31
Let q = 1246 + -950. What is the remainder when q is divided by 18?
8
Let m(t) = -100*t - 280. What is the remainder when 68 is divided by m(-3)?
8
Let i(k) be the third derivative of -9*k**4/8 + k**3/3 - 6*k**2. Let o(h) = -2*h + 6. Let g be o(5). What is the remainder when i(g) is divided by 28?
26
Suppose -22*d + 23*d - 16 = 0. What is the remainder when 107 is divided by d?
11
Suppose -5*l + 0*p + 100 = -p, -4*p + 20 = 0. Let q(k) = 13*k + 1. What is the remainder when q(6) is divided by l?
16
Let l be (-26)/(-4) + -3*1/2. What is the remainder when (126/15)/2*l/1 is divided by 11?
10
Let i = 10 + -5. Let h = 123 - 124. Let x = h - -4. What is the remainder when i is divided by x?
2
Suppose 4*y + 2*q = 1314 + 10128, 2*y - 2*q - 5712 = 0. What is the remainder when y is divided by 106?
103
Let z(k) = 4*k**3 + k**2 + k - 2. Let y be z(1). Suppose -5*f + 14 = -3*w - 56, 0 = -y*f + 3*w + 56. What is the remainder when 41 is divided by f?
13
Suppose 4*c = -5*w + 52, -16 = -3*c + 2*c - 2*w. Suppose c = -4*d + 40. Calculate the remainder when 29 is divided by d.
5
Let c(i) = 84*i + 92. What is the remainder when ((-54)/8)/(1/(-4)) is divided by c(-1)?
3
Let q(v) = -v - 5. Let c be 4/10 + 66/(-15). Let d be q(c). What is the remainder when (0 - 20 - d)/(-1) is divided by 10?
9
Let v = 1 + 17. Suppose 0*w + 100 = -5*w. Let r = 30 + w. What is the remainder when v is divided by r?
8
Let v be (36/(-6) - -6) + -1 + 5. Suppose z + v = 3*z + 2*d, -2*d = 4. Calculate the remainder when 27 is divided by z.
3
Suppose -16 = 20*u - 24*u. Let q(o) = o**2 + 11*o - 21. Calculate the remainder when q(u) is divided by 14.
11
Suppose 139*t = 2*u + 141*t - 78, 3*u - 2*t - 142 = 0. What is the remainder when 217 is divided by u?
41
Suppose -5*w + 745 = -5*s, -5*s - 5*w = -2*w + 761. Let v be s/(-4) + (-6)/8. Suppose v = 5*t - 28. Calculate the remainder when 36 is divided by t.
10
Let r be -3 + 33/12 + (-159)/(-12). Let v = r + -9. Calculate the remainder when v is divided by 2.
0
Let d(v) = -2*v + 14. Let b be d(-7). Let c = 43 - b. What is the remainder when 87 is divided by c?
12
Suppose 0 = 3*b + 2*b - 10. Let l = b - -36. Calculate the remainder when l is divided by (5*1)/(4/8).
8
Suppose -1 = 3*r - 10. Suppose -13 = -2*q - r. Suppose 56 = 29*n - 21*n. Calculate the remainder when n is divided by q.
2
Let w(r) = 11*r**3 - 3*r**2 + 4*r - 3. Let z be w(1). Let x(u) = 58*u + 5. Let m be x(4). Calculate the remainder when 51 is divided by m/z + 1/(-3).
25
Calculate the remainder when 279 is divided by 9/(36/(-8))*-21.
27
Let m(y) be the first derivative of 3*y**2/2 - y - 9. Let o be m(-1). Let a = 10 + o. What is the remainder when 11 is divided by a?
5
Let k = 10 - 6. Let a be k/4 - 3 - -2. Suppose -3*x + 5*w + 430 = 2*x, a = -x - w + 86. What is the remainder when x is divided by 22?
20
Let a be (2 + (-1024)/12)*24. What is the remainder when ((-12)/10)/((-2)/(a/(-12))) is divided by 15?
10
Let i(s) = s**3 + 7*s**2 + 2*s - 2. Let z(r) = r. Let q(u) = i(u) + 4*z(u). What is the remainder when 52 is divided by q(-5)?
16
Let j be 0 - (-6)/(-4) - 25/10. What is the remainder when 45 is divided by 20 - (j - (-4)/4)?
22
What is the remainder when 108 is divided by (4 - (8 - 5)) + 35?
0
Suppose 1276 = -14*p + 36*p. Suppose -6*x + 2*x + 180 = 0. Suppose 2*t = 3*c + 55, 0 = 3*t + c + 2*c - x. What is the remainder when p is divided by t?
18
Let u = 91 - 137. Let z = -24 - -1. Let w = z - u. Calculate the remainder when w is divided by 12.
11
Let r = -18 - -75. Suppose 0 = 3*m - 525 + r. What is the remainder when m is divided by 20?
16
Let i(n) = n**3 + 10*n**2 + 14*n + 9. Calculate the remainder when i(-6) is divided by 12.
9
Suppose -7*i - 20*i + 648 = 0. Suppose 44 = -0*s + s. Calculate the remainder when s is divided by i.
20
Suppose 3*o + 713 = 3*d + 239, -160 = -d + 2*o. Calculate the remainder when d is divided by 33.
24
Let p be -3*12*3/12. Let m = 2 - 2. Let r = m - p. Calculate the remainder when 33 is divided by r.
6
Suppose -5*m + 4 = -9*m. What is the remainder when 32 is divided by (-24)/m*(-1)/(-2)?
8
Suppose 2*f + 2*t = -2*t + 1102, 2*f - t - 1087 = 0. What is the remainder when f is divided by 61?
57
Let u be -2 + 0/2 + 42. Let d = u + -22. Calculate the remainder when 51 is divided by d.
15
Let c(b) = -7*b + 7 - 4 + 3. Let u(l) = -l**3 + 9*l**2 + 21*l + 4. Let h be u(11). What is the remainder when c(h) is divided by 14?
13
Let j = -2 + 5. Let y(g) = 3*g**3 - 5*g**2 + 4*g - 4. What is the remainder when y(j) is divided by (-23)/(-3)*(2 - -1)?
21
Let y = -1537 + 1543. What is the remainder when y is divided by 2?
0
Calculate the remainder when 39/(1131/(-406) - (-3)/1) is divided by 21.
14
Let r(i) be the third derivative of -17*i**4/24 - i**3/6 + 2*i**2. Let b = 9 - -36. What is the remainder when b is divided by r(-1)?
13
Suppose 6*k = 2*k - 16. Calculate the remainder when (1 - (k + 2)) + 62 is divided by 34.
31
Suppose 2*o - 133 = -3*n - 16, o - 77 = -2*n. Calculate the remainder when 144 is divided by n.
33
Let h(m) = -m**2 - 18*m - 62. Calculate the remainder when 25 is divided by h(-6).
5
What is the remainder when 206 is divided by 5/(-40)*-20*(23 - 1)?
41
Let r(f) = f**3 + 13*f**2 - 15*f - 1. Let x be r(-14). Let a = 17 - x. Suppose 25 = 3*n - 32. What is the remainder when n is divided by a?
3
Let y = 1 - -3. Suppose 3*m - y*l = 130 - 33, -3*l = 2*m - 76. What is the remainder when m is divided by 12?
11
Let k = -952 - -1130. Calculate the remainder when k is divided by 12.
10
Suppose 4*p + 6 = -10. Let g(f) = -5*f - 10. Calculate the remainder when 68 is divided by g(p).
8
Suppose -2*r - 2*r - t = -21, -3*r - 4*t + 19 = 0. Suppose -y = -r*y + 52. Calculate the remainder when y is divided by 7.
6
Suppose 16*d - 462 = 850. Calculate the remainder when d is divided by -35*6*(-3)/30.
19
Let s = -380 + 395. What is the remainder when 66 is divided by s?
6
Let n(a) = a + 16. Suppose 4*z + 167 = 5*w - 8, -z = 5. What is the remainder when w is divided by n(-8)?
7
Let a = -29 - -46. Let q = -14 + a. Suppose q*r - 27 = -3*c, -4*c - 4*r + 33 = r. What is the remainder when 23 is divided by c?
11
Let a = 213 - 175. Suppose 21 + 67 = 4*m. Calculate the remainder when a is divided by m.
16
Suppose 8*k + 1472 = 1888. What is the remainder when 93 is divided by k?
41
Suppose -2*b = 5*q - 311, 5*b - 76 = -20*q + 19*q. What is the remainder when q is 